 + 3*a**v. Give j(-3).
-6
Let m(w) = w**2 + 7*w - 7. Let o(k) = -15*k**2 + 16*k + 77. Let p be o(-5). Let h = p + 372. Give m(h).
-13
Let n(d) be the second derivative of -d**4/6 + d**3/3 - d**2/2 + 158*d. Let g be 2 + 0 + 0 + -2 + 3. What is n(g)?
-13
Let t(g) = -25*g - 794. Let k be t(-32). Let c(s) = -s**2 + 3*s + 12. Calculate c(k).
-6
Let u be (-324)/48*(1280/(-24))/10. Let d(i) = 2*i**2 - 70*i - 78. What is d(u)?
-6
Let x(a) = 561*a + 3368. Let j be x(-6). Let k(q) be the second derivative of -3/2*q**j + 0 - 25*q - 5/3*q**3. Give k(-2).
17
Let c(u) = u**3 - 8*u**2 - 4*u - 8. Let b be c(8). Let w = -24 - b. Let z(n) = -n**3 + 17*n**2 - 18*n + 31. Let p be z(w). Let y(v) = -6*v**2. Calculate y(p).
-6
Suppose 6 = 3*m - 3*u - 18, -3*m + 2*u + 20 = 0. Suppose -z = z - m. Let w(a) = -a**z + 2 + 6*a**2 - 4*a**2 - a. Determine w(2).
4
Suppose -261*z - 306 = -678 + 184 - 856. Let x(a) = 3*a + 15. Let m(y) = -y - 7. Let i(h) = -5*m(h) - 2*x(h). Give i(z).
1
Suppose 4*b + 21 - 237 = 0. Let w(g) = g**2 + 155 - 50 - b - 50 - 4*g. Determine w(2).
-3
Let v(k) be the first derivative of -4*k**2 - 46*k - 11856. Determine v(-17).
90
Let h = 86701 - 86699. Let u(c) = -6*c**2 + c - 5 + 4 - 2*c. Calculate u(h).
-27
Let i be 1 - 1 - (-2 - 2). Suppose -u - 5*s - 10 = 0, u + 4*s = -0*u - 8. Let p(q) = 297*q + 289*q - 584*q + 1 + u. Give p(i).
9
Let s(c) = c**2 + 10*c - 9. Suppose 5*h + 4*l = -31, -h - 357*l - 19 = -353*l. Calculate s(h).
-30
Let r = 4 - 0. Let p be -2*((-5)/(-8))/(r/(-16)). Let q(o) = -4 + p - o + 3. Calculate q(3).
1
Let l(w) be the first derivative of -w**3/3 + 4*w - 17. Let r be l(-2). Let b(p) = -4*p**2 + 3*p**2 + p + r*p**2 + 19. Calculate b(0).
19
Let d(p) = -p**2 - 3. Let w(b) be the second derivative of -b**3/6 - 5*b**2/2 - 61*b. Let l(r) = 5*d(r) - 3*w(r). Determine l(2).
-14
Let a(d) = -5*d**2 - 8 + 4*d**2 + 4*d + 2*d. Let f be 3 + 5*(-5)/(-1). Let x be 9*(-8)/3*(-7)/f. Determine a(x).
-8
Let o = 198 + -178. Suppose o*k = -32 - 88. Let z(f) = f**3 + 7*f**2 + 4*f - 7. Calculate z(k).
5
Let c(j) = 346*j**2 - 228*j**2 - 3*j - 127*j**2 - 1. Suppose -10 = y - 3*o + o, 3*y + o = -2. Calculate c(y).
-31
Let c(n) be the first derivative of -3*n**2/2 + 1569. Determine c(6).
-18
Let f(u) = u**2 + 13*u + 28. Let n(s) = -2*s**3 + 91*s**2 - 51*s + 266. Let i be n(45). Give f(i).
-8
Let h(r) be the first derivative of -23*r - 11 - 1/2*r**2. Suppose -3*d = 4*k, -4*k - 3*d = -5*d. What is h(k)?
-23
Let m = -366 + 578. Let i = m + -214. Let r(t) = 2*t - 2. Calculate r(i).
-6
Let c(r) be the second derivative of r**4/4 + 14*r**3/3 - 17*r**2/2 + 12*r - 9. Calculate c(-10).
3
Let m(k) = -5*k**2 + k - 2. Let g(v) = -29*v**2 + 8*v - 19. Let l(f) = -g(f) + 6*m(f). What is l(-5)?
-8
Let r(q) = 11 - 3 - 5 + 0*q - q. Suppose -2*i = i - 27. Suppose i*o + 7*o = 112. Determine r(o).
-4
Let v(g) be the second derivative of -3*g**3/2 - 30*g**2 + 253*g - 2. Determine v(-8).
12
Let u(m) be the second derivative of -m**4/12 + 3*m**3/2 + 109*m**2/2 - 4434*m. Calculate u(-7).
-3
Let a be (0 - -1)/((-5520)/(-204) - 27). Let i(r) = -r**2 - 13*r + 516. Determine i(a).
6
Let v(k) = 279*k - 552. Let g be v(2). Let a(i) = i**3 - 3*i**2 - 19*i - 5. Calculate a(g).
-11
Let i(j) = 3*j**2 - 4*j + 2. Suppose 4*d = -2*d + 18. Suppose -6*y = -2*t - d*y + 7, 0 = 3*y - 3. Let f be (2/(-3))/(-1)*15/t. Give i(f).
6
Let f(v) = -3*v**3 + 2*v**2 + 5*v + 1. Let w(i) = -4*i**3 + i**2 + 6*i + 2. Let u(n) = 3*f(n) - 2*w(n). Give u(5).
-11
Suppose 136 = -2*r + 10*r. Let o(i) = -i**3 + 17*i**2 - 3*i + 35. What is o(r)?
-16
Let n(t) = 2*t**2 + 2*t - 1. Let y be n(-2). Suppose c - 8 = -y*c. Let u(m) = -2 - 22*m**c + 18*m**2 + 2*m - 3*m + 3. What is u(1)?
-4
Let g(k) = 20*k**2 - 84*k + 72. Let t = -137 - -148. Let p(s) = -7*s**2 + 28*s - 25. Let v(j) = t*p(j) + 4*g(j). What is v(9)?
4
Let k(g) = 6*g + 46*g**2 + 38*g**2 - 91*g**2 + 6 + 2. Give k(4).
-80
Let b(j) = -5*j - 22*j + 15 - j + 3*j. Let g(l) = -8*l + 5. Let y(t) = 2*b(t) - 7*g(t). Give y(2).
7
Let x(y) = -19*y - 54. Let c be x(-3). Let f(n) = -19 + 0*n - 19 - c*n - 17 + 52. Let d(o) = o**2 - 4*o - 1. Let z be d(5). Determine f(z).
-15
Let f(r) = 4*r**2 + 34*r - 17. Let k(g) = -2*g**2 + g + 1. Let z(h) = -f(h) - 4*k(h). Determine z(9).
-5
Let r(u) = -51*u**2 + u + 1. Let o(x) = 106*x - 1591. Let w be o(15). What is r(w)?
-51
Suppose 66 = -b + 23*b. Let n(l) = 5*l - 8*l - 2*l - b*l + 5. Calculate n(2).
-11
Let a(x) be the third derivative of -3*x**5/20 - 17*x**4/12 + x**3/2 + 3*x**2 + 2*x - 125. Determine a(-4).
-5
Let k be 5 - 9 - 0/(8 + -9). Let l(z) be the second derivative of z**4/12 + z**3/2 - 3*z**2/2 - 7*z. Give l(k).
1
Let p(u) = u**2 - 2*u - 1. Let g be p(-1). Let j(s) = -4*s - 8*s**2 + 10*s**2 + 2*s - 3 - 3*s**g - s**3 - 4*s**2. Give j(-5).
7
Let a(o) = 11*o**3 + 0*o**3 - 10*o**3 - 8*o + 11 - 11*o**2. Let p(s) = 2*s**2 - 1. Let v(z) = a(z) + 3*p(z). Give v(6).
-4
Let d(r) = 1 - 2*r**2 - 654*r + 665*r + 0. Let p be d(5). Let n(j) = j**2 + 19 + 2*j - p*j - 23 + 0*j. What is n(5)?
1
Let b(u) = -u**3 + 7*u**2 + 13*u - 12. Suppose 224*a - 705 - 123 - 964 = 0. Calculate b(a).
28
Let j(w) = 1404 - 10*w - 5587 + 1402 - w**3 + 5*w**2 + 1401 + 1394. Calculate j(4).
-10
Suppose -92 = 9*k + 79. Let m(n) = n**2 + 20*n + 11. What is m(k)?
-8
Let g = -154 - -154. Let u(z) = 9*z + 11 + g*z - 5*z - 3*z. Give u(-11).
0
Let z(b) = b + 1. Let u be z(-1). Let s(o) be the second derivative of o**4/12 + 9*o**2/2 - 18629*o. What is s(u)?
9
Suppose 5*r = -i + 3, -2*i - i + 4*r + 9 = 0. Suppose -2*s + i*p + 16 = 0, -2*p - 4 = -p. Let v(j) = 6*j**2 - 18*j**s + j + 8*j**2 + 2. What is v(-2)?
-16
Let x(v) = 5*v - 210. Let z be (-23085)/(-567) - (16/42 - (-4)/(-6)). Calculate x(z).
-5
Suppose -5*a + 18*i = 21*i + 3, 3*a - 11 = -5*i. Let d(y) = 2*y**3 + 4*y**2 - 3*y - 8. What is d(a)?
-17
Suppose -10*z + 8 + 12 = 0. Let t(d) = 12*d - 11. Let n(x) = x - 1. Let l(j) = 7*n(j) - t(j). Determine l(z).
-6
Let t(c) be the second derivative of -5/2*c**2 - 43*c + c**3 + 0 - 1/12*c**4. Give t(4).
3
Let x = -7 - -7. Suppose 0 = j - v - 3, -14 = -3*j - 2*v - 0. Suppose 4*b + 2*a + 14 = x, -2*b + 4*b - j*a = -12. Let u(z) = -4*z - 2. Calculate u(b).
14
Let p be 5/(-4) - (-78)/(-8). Let y(a) = -87*a - 86*a + 6 + 345*a - 85*a - 86*a. Give y(p).
-5
Let c(z) = 4*z**2 + 11*z - 5. Let p be c(-7). Let i = p + -113. Let v(r) = -6*r**3 + r**2. Calculate v(i).
-5
Let i = 60 + -54. Let s be 7620/(-100)*(-5)/1. Let c(y) = -s*y - 6 + 378*y + 15. Calculate c(i).
-9
Suppose -719*i = -669*i. Let m(p) = p**3 - p**2 + p - 6. What is m(i)?
-6
Let w(v) = 1 + 5*v + 927*v**3 - 930*v**3 - 3*v. Let k(t) = -t**3 - 6*t**2 - 6*t - 6. Let y be k(-5). What is w(y)?
2
Let z = 221 - 219. Suppose -4*i - 34 = 2*g - 0*g, g - 7 = z*i. Let l(f) = -f**3 - 6*f**2 + f + 6. Determine l(i).
0
Let t(g) = -11*g**2 - 82*g - 2. Let a be t(-7). Suppose 8*p - a*p = -0*p. Let x(f) = f**2 - f - 3. Determine x(p).
-3
Let d(q) = q**2 + 99*q - 311. Let w be 30*7/63 + -1 + 4/6. Calculate d(w).
-5
Suppose g + 92 = -4*m, -3*g + 1580 = 4*m + 1664. Let v(h) = h**3 + 23*h**2 - 29*h - 120. Calculate v(m).
0
Let x(s) = -10*s - 15 + 9*s - 8 + 24 - 16. Let z be (-963)/135 - (-6)/45. Calculate x(z).
-8
Let x(z) = -z**2 - 5*z + 23. Let a be 792/(-2772) + 3/((-21)/61). What is x(a)?
-13
Let m(b) be the second derivative of 11/12*b**4 - 3*b**2 + 1/6*b**3 + 1/20*b**5 + 0 - 164*b. Give m(-11).
-17
Let u(f) be the first derivative of -f**2/2 + 102*f + 8923. Calculate u(21).
81
Let s = -410 + 415. Let y(t) = -70 + 122 + t**2 - 68. Determine y(s).
9
Let v be 1/(-8) - 5910/80 - -2. Let c = 75 + v. Suppose -5*l = t - 6, 0*t - c*l + 1 = -2*t. Let g(m) = 2*m. Determine g(t).
2
Let s = 664 + -662. Let a(x) = 6 + 2 - 3*x**s - 7*x**2 + 3*x + 2*x + 9*x**2. What is a(5)?
8
Let t(c) = 15*c + 184389 - 184385 - 6*c + 22*c. Give t(1).
35
Let r(y) = 4*y - 4. Suppose -a - 104 = 2*l - 692, -3*l = -3*a - 873. Let t = -288 + l. What is r(t)?
16
Let r(q) = 45*q**3 - 4*q**2 - 9*q + 2. Let d(t) = 28*t**3 - 3*t**2 - 6*t + 1. Let b(k) = -8*d(k) + 5*r(k). Determine b(-2).
4
Suppose -k = d + 10, -18*d = -17*d + 2*k + 12. Let x(v) = -v**3 - 7*v**2 + 13*v + 67. Give x(d).
27
Let b(w) = -w**3 + 5*w**2 + 6*w + 8. Let g be 3/(7/((-14)/(-3))). Suppose -g*y - h = -7, 4*y 